 3. Let w(p) = 3*p**2 - 19*p + 2. Let n(q) = 6*i(q) + 5*w(q). Let g(r) be the first derivative of n(r). Is g(14) a prime number?
True
Suppose k = -0*k + 30. Suppose m + 65 + k = 3*r, m + 99 = 5*r. Let s = 490 + m. Is s composite?
False
Let c = -8 + 8. Suppose 4*p - 7*p + 156 = c. Let f = 105 - p. Is f prime?
True
Suppose -3*l - 3*b + 24 = 0, -3*b + 6*b = l - 12. Let h(d) = 43*d + 82. Is h(l) composite?
True
Let c(w) = 114*w + 3 - 40*w + 150*w - 2. Is c(2) prime?
True
Let b be (195/(-30))/((-2)/340). Suppose -v + 4*r + b = -0*v, -3*v + 2*r = -3345. Is v a prime number?
True
Suppose -430 + 34204 = 6*s. Is s prime?
False
Suppose -t = -2*t + 5. Let b be ((-6)/15)/(-1)*t. Suppose n + 6*s = 2*s + 73, -306 = -4*n - b*s. Is n prime?
False
Let o(t) = 47*t**2 - 1. Let y = -19 + 21. Is o(y) a composite number?
True
Suppose -14*j = -8705 - 135033. Is j composite?
False
Let c(j) = 415*j**2 + 18*j - 19. Is c(-6) composite?
False
Let c = 2 + 6. Let r(d) = 3*d**2 - 17*d + 9. Is r(c) prime?
False
Suppose -35*w - 111064 = -43*w. Is w a composite number?
False
Suppose 55 - 37 = -3*m. Is m/27 + (-24805)/(-45) composite?
True
Is (-6)/8 + 10/120*4101 a composite number?
True
Let i be (-2 - -3)*(-1 + 2). Let j be -8 - -5 - -78*i. Let l = -38 + j. Is l prime?
True
Suppose -2*c + 3183 + 1687 = 0. Is c composite?
True
Let b(l) = -l**2 + 11*l + 7. Suppose w = -2*w + 24. Is b(w) composite?
False
Let y = -180 - -322. Suppose -r + 1989 = y. Is r a prime number?
True
Let r be (-11909)/(-6) + 6/36. Suppose 0*f - r = 5*f. Let l = f - -1292. Is l prime?
False
Let n be 4896 + (-5)/(1 + -2). Let c = -196 + n. Is c a composite number?
True
Let z be -1 + -12 + 13 - (4 + 1). Let k(s) be the third derivative of 3*s**5/20 + s**4/12 + s**3 - s**2. Is k(z) composite?
True
Suppose -r + h - 3*h + 81149 = 0, -5*h + 324608 = 4*r. Is r a prime number?
True
Suppose 20537 = 75*v - 64*v. Is v a prime number?
True
Let f(l) be the second derivative of -49*l**3/3 - 15*l**2/2 + 11*l. Is f(-8) a composite number?
False
Let n be (-4 + (-2)/(-12)*39)*-274. Let q = -390 - n. Is q a prime number?
False
Let c(i) = -2*i - 7. Let k be c(-5). Let m(s) be the first derivative of s**4/2 - s**3/3 - 5*s**2/2 + 3*s - 16. Is m(k) a prime number?
False
Let a be 3*((-2)/9 + (-8)/(-9)). Suppose a*r = 5*l + r - 4442, 5*l + 3*r - 4454 = 0. Is l prime?
False
Let d = 1025 + 2162. Let z be (6 + -9)*5/(-3). Suppose -z*k = m - 0*m - 3178, -5*k - 4*m + d = 0. Is k a composite number?
True
Let j(a) be the second derivative of -9*a**3 - a**2 + 6*a. Let t(f) = -f**2 - 6*f - 7. Let x be t(-5). Is j(x) composite?
True
Suppose -5*i + 16 = 1. Suppose -3*q - 1796 = 5*f, -605 - 459 = i*f - 5*q. Is (-5)/10 + f/(-4) prime?
True
Let s be (-3 + 7)/4 + 52. Let p(f) = 1 - 25*f - s*f + 16*f. Is p(-4) a prime number?
False
Let j(d) be the third derivative of 1/60*d**5 + 1/12*d**4 + 6*d**2 + 0*d + 1/2*d**3 + 0 - 1/24*d**6. Is j(-3) a prime number?
False
Suppose -3*o + 27*v + 11935 = 32*v, 2*o + 3*v - 7958 = 0. Is o composite?
True
Suppose -114 = -j - 5. Is j composite?
False
Let x(k) = -2 + 0 + 3 - 14*k. Suppose v + 35 = -4*q - 9, 0 = q + v + 11. Is x(q) a composite number?
True
Let i = 3999 - 2362. Is i a prime number?
True
Let o = -258 + 261. Suppose -14073 - 16799 = -4*l. Suppose l = o*m - 3*s + 2762, s = 4*m - 6605. Is m a prime number?
False
Suppose 4*k - 719 = -c, -2*c + 13*k = 9*k - 1474. Is c composite?
True
Let x be (-2 - -37)/(8/72). Suppose -176 = -f + x. Is f a composite number?
False
Suppose 3*l - 5231 = 17263. Suppose -1499 = -g - y, -g - 4*g = 4*y - l. Is g prime?
False
Let x(b) = -b**3 - 9*b**2 - 8*b + 5. Let t be x(-8). Let w(n) = -8*n**2 + 4*n - 1. Let v be w(t). Let k = 260 + v. Is k prime?
True
Let x(h) = 121*h**3 + 7*h**2 - 117. Is x(7) prime?
True
Let r = -3319 + 4878. Is r prime?
True
Suppose 0 = 83*t - 82*t - 12827. Is t a composite number?
True
Suppose 0 = 4*q - 4*l + 19672, 0*q - 9836 = 2*q + 5*l. Is (q/(-5) - 1) + 2/5 prime?
True
Let t be (-10)/(-2)*1 + 4. Suppose -4*n = -1 + t. Is 7/(7/n) + 67 a prime number?
False
Let l be ((-4)/3)/((-4)/6). Suppose -2*y - l = 0, -5*s + 4*y + 12 = -s. Suppose 0 = s*b + 3*b - 905. Is b a composite number?
False
Let a = -7 - 8. Is ((-425)/a)/(3/9) composite?
True
Let r(y) = -7*y - 40. Let i be r(-5). Is 710 + (0 - (i + 2))/(-1) prime?
False
Suppose -21*l + 7492 = a - 24*l, -2*l - 6 = 0. Is a prime?
False
Let z(r) = 9*r + 3*r - 9 + 20*r. Let f be z(8). Let n = f - -12. Is n composite?
True
Suppose 4*f - 16 - 12 = 0. Suppose 0 = 12*i - f*i - 10. Suppose -i*k - 2*k = -3*a - 3461, 3467 = 4*k - 5*a. Is k composite?
False
Let b(o) be the second derivative of 23*o**4/24 + o**3/6 - 7*o**2/2 - o. Let z(m) be the first derivative of b(m). Is z(8) a composite number?
True
Suppose m = 65 + 68. Suppose 7*r - 490 = m. Is r prime?
True
Suppose -6 + 1 = 5*h. Let z be h/((-3)/(-27)*3). Is (-1 + 1150)/(z/(-5)) a composite number?
True
Let m(l) = 5*l**2 - 13*l + 11. Suppose 2*i + z = 17, -5*z = 2*i - z - 2. Let u be m(i). Suppose 3*k = u + 670. Is k a composite number?
True
Let w be (3730/30)/((-1)/12). Let i be (-116)/(-20) - (-1)/5. Is 3/i + w/(-8) prime?
False
Let w(a) be the second derivative of 5*a**4/4 + a**3/2 + a**2/2 + 7*a. Let r be (1 + 2 + -2)*-3. Is w(r) a prime number?
True
Let r(f) = -3*f - 6. Let o be r(-4). Is o/27 + (-169)/(-9) composite?
False
Let j(m) = -m**2 - 2*m - 1. Let s be 15/4 - (-6)/24. Let t be j(s). Let i = 138 - t. Is i a prime number?
True
Let a = 25 - 21. Is (-158 - -13)*a/(-10) a prime number?
False
Let y(u) = -10*u - 4. Let m(r) = 21*r + 7. Let a(z) = -2*m(z) - 5*y(z). Let c be a(-2). Let w(q) = q**3 + 16*q**2 + 12*q + 7. Is w(c) composite?
False
Let l(m) = 196*m**2 - 29*m + 59. Is l(-7) prime?
False
Suppose 73*k = 74*k - 3, -2*n - 2*k = -81520. Is n composite?
True
Let c = 265 - 188. Let m be (-607)/(-11) - 14/c. Let h = m - -88. Is h a prime number?
False
Suppose 0 = 7*v - 40 - 51. Suppose -1984 - 13525 = -v*c. Is c a composite number?
False
Let k(s) be the second derivative of 43/6*s**3 + 0 + 4*s - 2*s**2. Is k(5) prime?
True
Let k be 17590/(-18) - (-10)/45. Let s = -321 - k. Is 0 - 3 - s/(-4) prime?
False
Let i = -65 + 68. Suppose -4*b = 8, -p + 3002 = i*p + b. Is p a prime number?
True
Let o(z) = z**2 - 5*z + 4. Let s be o(3). Let i(q) = 3 + 220*q - 1 - 408*q - 5. Is i(s) composite?
False
Let n(r) = 192*r**3 + 7*r - 24. Is n(5) a prime number?
False
Suppose -x = h - 1706, 4*h + 5*x - 5304 - 1518 = 0. Suppose 5*d + 678 - h = -5*l, -5*d + 829 = 4*l. Let z = 350 - l. Is z a prime number?
True
Suppose 0*g = -2*g, -b - 424 = -3*g. Let f = b - -615. Is f prime?
True
Suppose -3*l + 2*w + 379 = 0, 0*l + 517 = 4*l - 5*w. Let k = l + 1678. Is k composite?
False
Let d = 548 - 544. Let i be (0 + 0 + 0)/1. Suppose i*v + 1903 = 5*s - 2*v, 2*s + d*v = 766. Is s composite?
True
Suppose 0 = 5*y - 1193 - 817. Let w = y - 287. Is w prime?
False
Suppose -10994 = -2*w + 5*s, 34*w + 5*s + 5497 = 35*w. Is w prime?
False
Let i(h) = -h - 8. Let j be i(-9). Let y be j/(((-20)/(-8))/5). Is -1*(1 + -18)*y composite?
True
Suppose -15*o + 12 = -14*o. Is (-114)/o*(-2 - 0) composite?
False
Let f = 404 + 3005. Is f a prime number?
False
Let r be 52 + -1 - 12/6. Suppose -u = 6*u - 539. Suppose -k - 2*j + u = 0, -k + r = -2*j - 3*j. Is k a prime number?
False
Suppose 5*y - 3*y + 588 = 0. Let c = y - -443. Is c prime?
True
Suppose -127*c = -120*c - 186207. Is c prime?
False
Let p(n) = 9*n + 59. Let g(v) = -26*v - 176. Let c(o) = -2*g(o) - 7*p(o). Is c(-9) a prime number?
False
Suppose -56623 = -5*h - 4*y + 59768, 2*y = 4*h - 93118. Is h a prime number?
True
Suppose 1001 = -6*l + 6977. Let n = 77 + l. Is n a prime number?
False
Let x(q) = -4*q**3 + q**2 - 6*q + 3. Let b be x(5). Let a = -291 - b. Is a composite?
False
Let s(i) be the first derivative of i + 55/2*i**2 + 3. Is s(2) a composite number?
True
Let k be 3 - (90/5)/2. Is (-228)/k - (-1 + 4) composite?
True
Suppose -2*h - 112 = -10*h. Is (4 - 35/h)*4334/3 composite?
True
Suppose -s - s - 4 = 4*k, -3*s - 2*k + 6 = 0. Suppose -2*d - 14 = -4*f, 0 = 4*d + s*f - 12 + 4. Let n(q) = 158*q**2 + 2*q + 1. Is n(d) prime?
True
Let y(n) = 161*n**2 + 5*n - 3. Is y(-2) prime?
True
Let d(z) = -z**3 + 19*z**2 - 9*z + 10. Let v be d(10). Suppose 7*j - 